{"id":1544,"date":"2021-06-27T19:02:18","date_gmt":"2021-06-27T23:02:18","guid":{"rendered":"http:\/\/biotictuning.com\/?post_type=product&#038;p=1544"},"modified":"2021-06-27T19:02:18","modified_gmt":"2021-06-27T23:02:18","slug":"arriendo-de-cabanas-los-nativos-de-la-selva-valdiviana","status":"publish","type":"product","link":"https:\/\/biotictuning.com\/es\/producto\/arriendo-de-cabanas-los-nativos-de-la-selva-valdiviana\/","title":{"rendered":"Arriendo de caba\u00f1as Los Nativos de la Selva Valdiviana"},"content":{"rendered":"<p><strong>Caba\u00f1as<\/strong> y casonas r\u00fasticas ubicadas en el coraz\u00f3n de la <strong>Reserva Costera Valdiviana<\/strong> y muy cerca del <strong>Parque Nacional Alerce Costero<\/strong>.<\/p>\n<p>Frente al mar y rodeadas de <strong>bosque antiguo Valdiviano, <\/strong>playas con cascadas y enormes rocas de formas caprichosas. Un lugar m\u00e1gico en un bello entorno natural.<\/p>\n<p>\u00a1Estamos al final del camino! Despertar\u00e1s en plena naturaleza y podr\u00e1s llegar caminando a bosques primarios, observar la flora y fauna nativas o recorrer infinitas playas v\u00edrgenes como la <strong>Playa de Colun<\/strong>.<\/p>\n<p>Podr\u00e1s disfrutar de la <strong>gastronom\u00eda local<\/strong> elaborada a partir de productos cultivados, recolectados o pesados en el propio lugar: deliciosas <strong>empanadas de marisco<\/strong>, de sierra, de murta, pescados y carnes a la brasa, pullmay, lenguas de erizo, locos, choritos\u2026 Todo acompa\u00f1ado de las famosas sopaipillas, las tortillas al recoldo y la excelente sidra local.<\/p>\n<p>Te ofrecemos multitud de actividades: <strong>buceo<\/strong>, <strong>cabalgatas<\/strong>, <strong>kayak,<\/strong> <strong>ba\u00f1os de bosque\u2026 <\/strong>\u00a1Tambi\u00e9n podr\u00e1s explorar t\u00fa mismo la naturaleza en estado puro! Y todo eso sin tener que salir de la comunidad ind\u00edgena.<\/p>\n<p>Eso s\u00ed, no esperes encontrar grandes lujos, te ofrecemos espacios construidos por los propietarios con maderas nativas, magn\u00edficas vistas al mar y al bosque, agua caliente, paz, tranquilidad, limpieza, armon\u00eda y una c\u00f3moda cama. Nada m\u00e1s.<\/p>\n<p>Si eres un amante de la naturaleza deseando gozar de la Selva Valdiviana \u00a1Ll\u00e1manos para consultar disponibilidad!<\/p>\n<h2>Alojamientos donde dormir junto a la Selva Valdiviana (en Huiro)<\/h2>\n<p>\u2013 Caba\u00f1a con dos piezas, cuarto de ba\u00f1o, cocina sal\u00f3n, terraza y pradera.<\/p>\n<p>\u2013 Casona r\u00fastica ideal para familias y grupos de amigos con seis piezas, cuarto de ba\u00f1o, terraza y pradera para hacer asados y gran cocina sal\u00f3n polivalente con capacidad para que almuercen 15 personas c\u00f3modamente.<\/p>\n<h2>Actividades cercanas<\/h2>\n<p>Otros datos interesantes a tener en cuenta. Estamos a minutos caminando de:<\/p>\n<p>La Lober\u00eda de Huiro<\/p>\n<p>La Playa de Pelche<\/p>\n<p>Las playas de Punta Galera<\/p>\n<p>Reserva Costera Valdiviana<\/p>\n<p>Y a minutos en auto de:<\/p>\n<p>Parque Nacional Alerce Costero<\/p>\n<p>Los Colmillos de Chaihuin<\/p>\n<p>Playa de Chaihuin<\/p>\n<p>Caleta de Pescadores de Chaihuin<\/p>\n<p>Restaurante La Chalito<\/p>\n","protected":false},"excerpt":{"rendered":"<p>Caba\u00f1as y casonas r\u00fasticas ubicadas en el coraz\u00f3n de la Reserva Costera Valdiviana y muy cerca del Parque Nacional Alerce Costero. Frente al mar y rodeadas de bosque antiguo Valdiviano, playas con cascadas y enormes rocas de formas caprichosas. Un lugar m\u00e1gico en un bello entorno natural. \u00a1Estamos al final del camino! Despertar\u00e1s en plena [&hellip;]<\/p>\n","protected":false},"featured_media":1569,"template":"","meta":{"_genesis_hide_title":false,"_genesis_hide_breadcrumbs":false,"_genesis_hide_singular_image":false,"_genesis_hide_footer_widgets":false,"_genesis_custom_body_class":"","_genesis_custom_post_class":"","_genesis_layout":""},"product_cat":[70],"product_tag":[],"class_list":{"0":"post-1544","1":"product","2":"type-product","3":"status-publish","4":"has-post-thumbnail","6":"product_cat-alojamientos-selva-valdiviana","7":"entry","9":"first","10":"instock","11":"sold-individually","12":"taxable","13":"shipping-taxable","14":"purchasable","15":"product-type-booking"},"_links":{"self":[{"href":"https:\/\/biotictuning.com\/es\/wp-json\/wp\/v2\/product\/1544","targetHints":{"allow":["GET"]}}],"collection":[{"href":"https:\/\/biotictuning.com\/es\/wp-json\/wp\/v2\/product"}],"about":[{"href":"https:\/\/biotictuning.com\/es\/wp-json\/wp\/v2\/types\/product"}],"wp:featuredmedia":[{"embeddable":true,"href":"https:\/\/biotictuning.com\/es\/wp-json\/wp\/v2\/media\/1569"}],"wp:attachment":[{"href":"https:\/\/biotictuning.com\/es\/wp-json\/wp\/v2\/media?parent=1544"}],"wp:term":[{"taxonomy":"product_cat","embeddable":true,"href":"https:\/\/biotictuning.com\/es\/wp-json\/wp\/v2\/product_cat?post=1544"},{"taxonomy":"product_tag","embeddable":true,"href":"https:\/\/biotictuning.com\/es\/wp-json\/wp\/v2\/product_tag?post=1544"}],"curies":[{"name":"wp","href":"https:\/\/api.w.org\/{rel}","templated":true}]}}

Arriendo de cabañas Los Nativos de la Selva Valdiviana

<p><strong>Cabañas</strong> y casonas rústicas ubicadas en el corazón de la <strong>Reserva Costera Valdiviana</strong> y muy cerca del <strong>Parque Nacional Alerce Costero</strong>.</p>
<p>Frente al mar y rodeadas de <strong>bosque antiguo Valdiviano, </strong>playas con cascadas y enormes rocas de formas caprichosas. Un lugar mágico en un bello entorno natural.</p>
<p>¡Estamos al final del camino! Despertarás en plena naturaleza y podrás llegar caminando a bosques primarios, observar la flora y fauna nativas o recorrer infinitas playas vírgenes como la <strong>Playa de Colun</strong>.</p>
<p>Podrás disfrutar de la <strong>gastronomía local</strong> elaborada a partir de productos cultivados, recolectados o pesados en el propio lugar: deliciosas <strong>empanadas de marisco</strong>, de sierra, de murta, pescados y carnes a la brasa, pullmay, lenguas de erizo, locos, choritos… Todo acompañado de las famosas sopaipillas, las tortillas al recoldo y la excelente sidra local.</p>
<p>Te ofrecemos multitud de actividades: <strong>buceo</strong>, <strong>cabalgatas</strong>, <strong>kayak,</strong> <strong>baños de bosque… </strong>¡También podrás explorar tú mismo la naturaleza en estado puro! Y todo eso sin tener que salir de la comunidad indígena.</p>
<p>Eso sí, no esperes encontrar grandes lujos, te ofrecemos espacios construidos por los propietarios con maderas nativas, magníficas vistas al mar y al bosque, agua caliente, paz, tranquilidad, limpieza, armonía y una cómoda cama. Nada más.</p>
<p>Si eres un amante de la naturaleza deseando gozar de la Selva Valdiviana ¡Llámanos para consultar disponibilidad!</p>
<h2>Alojamientos donde dormir junto a la Selva Valdiviana (en Huiro)</h2>
<p>– Cabaña con dos piezas, cuarto de baño, cocina salón, terraza y pradera.</p>
<p>– Casona rústica ideal para familias y grupos de amigos con seis piezas, cuarto de baño, terraza y pradera para hacer asados y gran cocina salón polivalente con capacidad para que almuercen 15 personas cómodamente.</p>
<h2>Actividades cercanas</h2>
<p>Otros datos interesantes a tener en cuenta. Estamos a minutos caminando de:</p>
<p>La Lobería de Huiro</p>
<p>La Playa de Pelche</p>
<p>Las playas de Punta Galera</p>
<p>Reserva Costera Valdiviana</p>
<p>Y a minutos en auto de:</p>
<p>Parque Nacional Alerce Costero</p>
<p>Los Colmillos de Chaihuin</p>
<p>Playa de Chaihuin</p>
<p>Caleta de Pescadores de Chaihuin</p>
<p>Restaurante La Chalito</p>

<p>Cabañas y casonas rústicas ubicadas en el corazón de la Reserva Costera Valdiviana y muy cerca del Parque Nacional Alerce Costero. Frente al mar y rodeadas de bosque antiguo Valdiviano, playas con cascadas y enormes rocas de formas caprichosas. Un lugar mágico en un bello entorno natural. ¡Estamos al final del camino! Despertarás en plena [&hellip;]</p>
